st common divisor of m and 75?
15
Suppose -l - 3*s + 0*s = 26, 5*l + 4*s + 86 = 0. Let h = l + 42. Let a be ((-2)/(-4))/(1/h). What is the greatest common factor of 2 and a?
2
Let y = 14 + 12. Let s be (2*1)/(-2 + 3). Suppose s*q - 156 = -2*q. What is the greatest common divisor of y and q?
13
Suppose -2*x - 15 = -5*x + r, 33 = 4*x + 3*r. Calculate the highest common factor of 12 and x.
6
Let y(z) = -20*z**3 + z + 2. Let k be y(-1). What is the greatest common factor of k and 7?
7
Suppose 3 = -2*a + 21. Let b(g) = -g**3 + 9*g**2 + 13. Let f be b(a). What is the highest common factor of 52 and f?
13
Suppose 0 = -3*v + 7 + 2. What is the greatest common factor of 15 and v?
3
Suppose -4*t + 56 = -4*d, -5*t + 2*d + 44 = -2*t. Suppose -f + 14 + t = 0. Calculate the greatest common factor of f and 10.
10
Let d = 46 + -30. Let v = 487 + -343. What is the greatest common divisor of d and v?
16
Let b(l) = 72*l. Let j be b(3). Calculate the greatest common factor of j and 24.
24
Let h = -6 + 9. Suppose -y + 6 = -h. Calculate the highest common divisor of y and 3.
3
Suppose -6*s + 4563 = 7*s. What is the highest common factor of s and 39?
39
Let p = 331 + -149. Let b(q) = -8*q + 9. Let r be b(-8). Suppose -s + 3*g + r = 19, g - p = -3*s. What is the highest common divisor of s and 15?
15
Let q(b) = -b**2 + 10*b - 4. Let c be q(5). Suppose 4*t - 2*w = 682, 0*t - 2*w - 514 = -3*t. Calculate the greatest common divisor of t and c.
21
Let a(w) = -w**3 - 4*w**2 + 4*w - 2. Let d be a(-5). What is the greatest common divisor of d and 27?
3
Let l be 11 - 2/4*-6. Suppose -5*v + 3*o = -184, -3*o + 5*o - 99 = -3*v. Calculate the greatest common divisor of l and v.
7
Suppose 2*w - 13 = 35. What is the highest common factor of w and 6?
6
Let f(t) = -4*t**2 - 3*t - 3. Let g be f(-2). Let l(r) = -r**3 - 12*r**2 + 12*r + 17. Let o be l(g). What is the greatest common divisor of o and 12?
6
Suppose -5*b = 14 - 44. Let r be ((-9)/b)/(3/(-20)). What is the greatest common factor of 10 and r?
10
Let a = -3 + 4. Let l be -2*-2*a/2. Calculate the greatest common divisor of l and 14.
2
Let p be 3*(3 + (-12)/9). Suppose 0*m + p*m - 330 = 0. Calculate the highest common factor of 6 and m.
6
Suppose 2*x - 2 = -0. Let o be 3*x + (-318)/(-6). Calculate the greatest common factor of 14 and o.
14
Suppose 0 = 3*a + 4 + 5. Let p(u) be the third derivative of u**4/24 + 5*u**3/6 - 2*u**2. Let v be p(a). Calculate the greatest common factor of 8 and v.
2
Let y be (1/(-2))/(1/4). Let f be (-1)/y*70 - -1. What is the greatest common factor of 12 and f?
12
Let d(z) = 2*z - 9. Let a be d(9). Let h(y) = 4*y + 2*y**2 - 12*y**3 - 5*y + 4*y + 1. Let n be h(-2). Calculate the greatest common factor of n and a.
9
Let y be (-168)/(-4) + (0 - 0). Let p = y + -25. Calculate the greatest common factor of 187 and p.
17
Let i(j) = -4*j - 20. Let c be i(-9). Let x(q) = 7*q**2 - q. Let w be x(-1). Calculate the highest common divisor of w and c.
8
Let y(k) = k**2 + 7*k + 2. Let d be (-1)/((-21)/24 + 1). Let o be y(d). What is the greatest common factor of o and 80?
10
Suppose 0*v - v = -4. Let j = v + 0. Suppose -j - 6 = -k. What is the highest common divisor of k and 50?
10
Suppose 0 = -2*l + l + 17. Suppose -5*s = -l - 23. Calculate the highest common divisor of s and 1.
1
Let i be (-4*1)/(-4) + 39. Let j = i - 23. What is the highest common divisor of 136 and j?
17
Let y be 133/7 - (-2)/(-2). Let h(k) = 5*k**3 + k**2 + k - 1. Let s be h(1). What is the highest common factor of y and s?
6
Suppose 2*h = -20 + 36. What is the highest common factor of h and 40?
8
Let q(m) = -17*m + 33. Let v be q(-11). Calculate the greatest common divisor of 44 and v.
44
Suppose 4*b - 381 = -f + 34, 2*b + f = 205. What is the highest common factor of b and 35?
35
Let i be -1*6*4*-11. What is the greatest common divisor of i and 24?
24
Suppose 18 = 2*s - 5*i, 0 = -5*s - 6*i + i + 45. What is the greatest common factor of 9 and s?
9
Let x(o) = o**3 - 15*o**2 + 14*o + 17. Let q be x(14). What is the greatest common factor of 119 and q?
17
Let n = 67 - 60. What is the highest common factor of n and 63?
7
Let r = 121 - 77. Let f be (r/6)/(4/36). Calculate the greatest common factor of f and 6.
6
Let r = 0 + 2. Let w(d) = -d**3 + 2*d - 6*d - 6*d**r + 2*d**2. Let q be w(-6). What is the greatest common divisor of 16 and q?
16
Let v(f) = 2*f + 11. Let x be v(-4). Calculate the greatest common divisor of x and 9.
3
Suppose 11 = 4*a + 5*k, 2*k + 3 = -7. Suppose 2*v + 5*y = v + 58, v - 3*y = 66. What is the greatest common divisor of v and a?
9
Let b be (6/(-36)*3)/((-1)/2). What is the highest common factor of b and 29?
1
Suppose -5*o + 2 = -4*q, -o + 3*q = 2*o - 3. Let t be (0 - -1)/(o/(-30)). What is the highest common divisor of 135 and t?
15
Suppose -20 = 5*g - g. Let o = 9 + g. Suppose -2*w - o*l = -30, 39 = 3*w - 5*l - 6. What is the greatest common divisor of w and 10?
5
Let g(r) = -69*r + 1. Let y be g(-1). Calculate the highest common factor of y and 14.
14
Let h(l) = -l**3 - 4*l**2 - 3*l - 5. Let n be h(-4). Calculate the highest common divisor of n and 56.
7
Let k(s) = 90*s. Let h = -1 - -3. Let f be k(h). Let n be 40/(-30)*-10*(-3)/(-2). Calculate the greatest common divisor of f and n.
20
Let w be (0 - -2 - -23) + 2. Let o = 9 - -44. Suppose -4*b = a - 43 + 9, 5*b - 4*a = o. Calculate the highest common factor of w and b.
9
Suppose 3*u = -0*u + 12. Let l be 3 + 0*2/u. Suppose 9*i - 4*i = 15. What is the highest common factor of i and l?
3
Let z = 9 + -3. Let a = 9 + 15. What is the greatest common divisor of z and a?
6
Let k(w) = -w**3 - 10*w**2 - 4*w - 1. Let g be k(-10). Calculate the highest common factor of 26 and g.
13
Let q be ((-6)/(-15))/(2/10). Let k(r) = r**2 + 2*r - 3. Let a be k(q). Let b be (-766)/(-14) - (-6)/21. What is the highest common factor of a and b?
5
Suppose -2*m + 0*m - 25 = 3*p, 5*m = -2*p - 57. Let f = 8 - m. Suppose -2*b = -5*b + 2*n + 6, 4*b - f = -n. What is the highest common divisor of 4 and b?
4
Let h = 1 + -3. Let m = h - -4. Suppose -5*v - 43 = -2*u, 4*v = -3*u + m*v + 112. Calculate the highest common factor of u and 51.
17
Suppose -64 = -31*u + 30*u. Calculate the greatest common factor of 8 and u.
8
Suppose 25 = q - 5*m, -q + 6*q - 5 = m. Let p be q + 4/1 + 9. What is the highest common factor of 52 and p?
13
Let n = 15 + -10. Suppose 2*b + n - 15 = 0. Suppose 4*f + 3*g - 31 = 0, -2*f = -5*g - b - 4. Calculate the highest common factor of f and 28.
7
Let z(y) = 4*y**2 - 3*y + 4. Let f be z(3). Suppose -1 = 3*i - f. What is the highest common factor of 40 and i?
10
Suppose 2*w - o = -61, w + 2*o + 102 = -2*w. Let k = -17 - w. Suppose 0*j - 2*j - 6 = 0, -4*j - 57 = -y. What is the highest common divisor of k and y?
15
Let q = 18 - -15. Let i = -8 + q. What is the highest common divisor of i and 175?
25
Let h be (-2 - 30/(-25))/(2/(-10)). What is the greatest common divisor of 1 and h?
1
Let z be (((-2)/(-6))/((-2)/(-156)))/2. What is the highest common divisor of 91 and z?
13
Let u(s) = -4*s. Let m be u(1). Let f be 4/(-5)*10/m. Calculate the highest common divisor of 22 and f.
2
Let b(s) = s**2 - 5*s + 2. Let w be b(5). Suppose w*l = l + 13. Calculate the highest common divisor of 117 and l.
13
Let j(a) = a**3 - 8*a**2 - a + 10. Let q be j(8). Let l be 654/12 + q/(-4). Calculate the highest common factor of 9 and l.
9
Suppose -x - 4*x - 4*c + 446 = 0, -175 = -2*x - 5*c. Calculate the greatest common divisor of 10 and x.
10
Suppose 0 = 3*r + 5*w - 821, -r + 2*w + 542 = r. Calculate the greatest common divisor of r and 34.
34
Suppose 6*z - 60 = 3*z. Let r = -18 - -68. What is the greatest common divisor of r and z?
10
Suppose 1 = x - 2. What is the highest common divisor of 3 and x?
3
Suppose 0 = 5*w - 2*n - 48, 2*w = 3*n - 13 + 41. Calculate the greatest common factor of w and 4.
4
Let x(l) = -l + 1. Let v = -29 - -20. Let s be x(v). Calculate the greatest common factor of s and 70.
10
Let g(y) = -y**3 + 13*y**2 - 11*y - 6. Let a be g(12). What is the greatest common factor of a and 3?
3
Let o(p) = p**2 - 3*p - 7. Let s = 8 - 2. Let y be o(s). Suppose 6*q - 364 = -4*z + 3*q, -2*q + 272 = 3*z. Calculate the greatest common factor of z and y.
11
Let u be (-238)/(-6) + 22/(-33). Let